{"id":18,"date":"2018-11-16T11:44:06","date_gmt":"2018-11-16T11:44:06","guid":{"rendered":"http:\/\/www.elelmiszeresitalbiztonsag.hu\/?page_id=18"},"modified":"2024-07-16T11:40:57","modified_gmt":"2024-07-16T11:40:57","slug":"projektrol","status":"publish","type":"page","link":"https:\/\/www.elelmiszeresitalbiztonsag.hu\/","title":{"rendered":"Projekt"},"content":{"rendered":"<p style=\"text-align: justify;\">A feldolgoz\u00f3ipar nemzetgazdas\u00e1gi \u00e1gazat egy folyamatosan n\u00f6vekv\u0151 szektor, mely mindm\u00e1ig az egyik legvesz\u00e9lyesebb a gazdas\u00e1gban, ezen be\u00fcl az \u00e9lelmiszer \u00e9s az italgy\u00e1rt\u00e1s \u00e1gazatban is. Az \u00e1gazati szerepl\u0151k sz\u00e1mos vesz\u00e9lyforr\u00e1ssal \u00e9s kih\u00edv\u00e1ssal szembes\u00fclnek a napi munka sor\u00e1n, ilyen az id\u0151k\u00e9nyszerb\u0151l, a m\u00e1sok ir\u00e1nt viselt felel\u0151ss\u00e9gb\u0151l \u00e9s az \u00e9letvesz\u00e9lyb\u0151l fakad\u00f3 stressz, az esetleges fizikai vesz\u00e9lyforr\u00e1sok, tov\u00e1bbi relev\u00e1ns t\u00e9nyez\u0151k a test t\u00falzott ig\u00e9nybev\u00e9tele, a f\u00e1rads\u00e1g, az er\u0151szak.<\/p>\n<p style=\"text-align: justify;\">A Magyar Iparsz\u00f6vets\u00e9g k\u00e9t konzorciumi partner\u00e9vel a fenti c\u00e9l szem el\u0151tt tart\u00e1s\u00e1val p\u00e1ly\u00e1zatot ny\u00fajtott be a GINOP-5.3.4-16-2018 p\u00e1ly\u00e1zati alapra.<\/p>\n<p style=\"text-align: justify;\">A tervezett projektben mind a munkaeg\u00e9szs\u00e9g\u00fcgy, mind pedig a munkabiztons\u00e1g ter\u00fclete kiemelt figyelmet kap. Ennek keret\u00e9ben sz\u00e1mos \u00e1gazati szerepl\u0151 v\u00e9lem\u00e9ny\u00e9t csatorn\u00e1zza majd be a projekt mind munkaad\u00f3i, mind pedig munkav\u00e1llal\u00f3i oldalr\u00f3l \u2013 erre m\u00e1r az el\u0151k\u00e9sz\u00edt\u00e9s sor\u00e1n is sor ker\u00fclt t\u00f6bb alkalommal.<\/p>\n<p style=\"text-align: justify;\">A projektet t\u00e1mogat\u00e1sra \u00e9rdemesnek tal\u00e1lt\u00e1k, \u00edgy megval\u00f3s\u00edt\u00e1sa 2018.06.01-gyel kezdet\u00e9t is vette.<\/p>\n<p>Munkav\u00e9delmi honlap el\u00e9rhet\u0151s\u00e9ge: <a href=\"http:\/\/www.munkavedelem-elelmiszeresital.hu\/\" target=\"_blank\" rel=\"noopener\">https:\/\/www.munkavedelem-elelmiszeresital.hu\/<\/a><\/p>\n<p><strong>Projekt alapadatai:<\/strong><\/p>\n<p>A projekt megval\u00f3s\u00edt\u00e1s\u00e1nak kezdete: 2018.06.01.<\/p>\n<p>A projekt fizikai befejez\u00e9s\u00e9nek hat\u00e1rideje: 2019.11.30.<\/p>\n<p>P\u00e1ly\u00e1z\u00f3 neve:\u00a0 Magyar Iparsz\u00f6vets\u00e9g<\/p>\n<p>Projekt megnevez\u00e9se: Munkabiztons\u00e1g \u00e9s a munkaeg\u00e9szs\u00e9g\u00fcgy komplex fejleszt\u00e9se az \u00e9lelmiszer- \u00e9s italgy\u00e1rt\u00e1s \u00e1gazatokban foglalkoztatottak r\u00e9sz\u00e9re<\/p>\n<p>OP n\u00e9v: GINOP<\/p>\n<p>P\u00e1ly\u00e1zati ki\u00edr\u00e1s megnevez\u00e9se: GINOP-5.3.4-16 &#8211; A munkahelyi eg\u00e9szs\u00e9g \u00e9s biztons\u00e1g fejleszt\u00e9se<\/p>\n<p>Projekt helysz\u00edne (r\u00e9gi\u00f3): K\u00f6z\u00e9p-Dun\u00e1nt\u00fal<\/p>\n<p>Projekt helysz\u00edne (megye): Kom\u00e1rom-Esztergom<\/p>\n<p>Projekt helysz\u00edne (telep\u00fcl\u00e9s): Tatab\u00e1nya<\/p>\n<p>Meg\u00edt\u00e9lt \u00f6sszeg: 121 978 256 Ft<\/p>\n<p>T\u00e1mogat\u00e1s ar\u00e1nya: 100<\/p>\n<p>T\u00e1mogat\u00e1si d\u00f6nt\u00e9s d\u00e1tuma:\u00a0 2018.04.04<\/p>\n<p>Forr\u00e1s: ESZA<\/p>\n<p>Orsz\u00e1g: Magyarorsz\u00e1g<\/p>\n<p>Uni\u00f3s t\u00e1rsfinansz\u00edroz\u00e1si r\u00e1ta: 85,999998 &#8211; ESZA<\/p>\n<p>Projekt \u00f6sszk\u00f6lts\u00e9g: 121 978 256 Ft<\/p>\n","protected":false},"excerpt":{"rendered":"<p>A feldolgoz\u00f3ipar nemzetgazdas\u00e1gi \u00e1gazat egy folyamatosan n\u00f6vekv\u0151 szektor, mely mindm\u00e1ig az egyik legvesz\u00e9lyesebb a gazdas\u00e1gban, ezen be\u00fcl az \u00e9lelmiszer \u00e9s az italgy\u00e1rt\u00e1s \u00e1gazatban is. Az \u00e1gazati szerepl\u0151k sz\u00e1mos vesz\u00e9lyforr\u00e1ssal \u00e9s kih\u00edv\u00e1ssal szembes\u00fclnek a napi munka sor\u00e1n, ilyen az id\u0151k\u00e9nyszerb\u0151l, a m\u00e1sok ir\u00e1nt viselt felel\u0151ss\u00e9gb\u0151l \u00e9s az \u00e9letvesz\u00e9lyb\u0151l fakad\u00f3 stressz, az esetleges fizikai vesz\u00e9lyforr\u00e1sok, tov\u00e1bbi relev\u00e1ns&#8230;<\/p>\n","protected":false},"author":2,"featured_media":0,"parent":0,"menu_order":0,"comment_status":"closed","ping_status":"closed","template":"","meta":{"footnotes":""},"class_list":["post-18","page","type-page","status-publish","hentry"],"_links":{"self":[{"href":"https:\/\/www.elelmiszeresitalbiztonsag.hu\/index.php\/wp-json\/wp\/v2\/pages\/18","targetHints":{"allow":["GET"]}}],"collection":[{"href":"https:\/\/www.elelmiszeresitalbiztonsag.hu\/index.php\/wp-json\/wp\/v2\/pages"}],"about":[{"href":"https:\/\/www.elelmiszeresitalbiztonsag.hu\/index.php\/wp-json\/wp\/v2\/types\/page"}],"author":[{"embeddable":true,"href":"https:\/\/www.elelmiszeresitalbiztonsag.hu\/index.php\/wp-json\/wp\/v2\/users\/2"}],"replies":[{"embeddable":true,"href":"https:\/\/www.elelmiszeresitalbiztonsag.hu\/index.php\/wp-json\/wp\/v2\/comments?post=18"}],"version-history":[{"count":11,"href":"https:\/\/www.elelmiszeresitalbiztonsag.hu\/index.php\/wp-json\/wp\/v2\/pages\/18\/revisions"}],"predecessor-version":[{"id":443,"href":"https:\/\/www.elelmiszeresitalbiztonsag.hu\/index.php\/wp-json\/wp\/v2\/pages\/18\/revisions\/443"}],"wp:attachment":[{"href":"https:\/\/www.elelmiszeresitalbiztonsag.hu\/index.php\/wp-json\/wp\/v2\/media?parent=18"}],"curies":[{"name":"wp","href":"https:\/\/api.w.org\/{rel}","templated":true}]}}

<p style="text-align: justify;">A feldolgozóipar nemzetgazdasági ágazat egy folyamatosan növekvő szektor, mely mindmáig az egyik legveszélyesebb a gazdaságban, ezen beül az élelmiszer és az italgyártás ágazatban is. Az ágazati szereplők számos veszélyforrással és kihívással szembesülnek a napi munka során, ilyen az időkényszerből, a mások iránt viselt felelősségből és az életveszélyből fakadó stressz, az esetleges fizikai veszélyforrások, további releváns tényezők a test túlzott igénybevétele, a fáradság, az erőszak.</p>
<p style="text-align: justify;">A Magyar Iparszövetség két konzorciumi partnerével a fenti cél szem előtt tartásával pályázatot nyújtott be a GINOP-5.3.4-16-2018 pályázati alapra.</p>
<p style="text-align: justify;">A tervezett projektben mind a munkaegészségügy, mind pedig a munkabiztonság területe kiemelt figyelmet kap. Ennek keretében számos ágazati szereplő véleményét csatornázza majd be a projekt mind munkaadói, mind pedig munkavállalói oldalról – erre már az előkészítés során is sor került több alkalommal.</p>
<p style="text-align: justify;">A projektet támogatásra érdemesnek találták, így megvalósítása 2018.06.01-gyel kezdetét is vette.</p>
<p>Munkavédelmi honlap elérhetősége: <a href="http://www.munkavedelem-elelmiszeresital.hu/" target="_blank" rel="noopener">https://www.munkavedelem-elelmiszeresital.hu/</a></p>
<p><strong>Projekt alapadatai:</strong></p>
<p>A projekt megvalósításának kezdete: 2018.06.01.</p>
<p>A projekt fizikai befejezésének határideje: 2019.11.30.</p>
<p>Pályázó neve:  Magyar Iparszövetség</p>
<p>Projekt megnevezése: Munkabiztonság és a munkaegészségügy komplex fejlesztése az élelmiszer- és italgyártás ágazatokban foglalkoztatottak részére</p>
<p>OP név: GINOP</p>
<p>Pályázati kiírás megnevezése: GINOP-5.3.4-16 &#8211; A munkahelyi egészség és biztonság fejlesztése</p>
<p>Projekt helyszíne (régió): Közép-Dunántúl</p>
<p>Projekt helyszíne (megye): Komárom-Esztergom</p>
<p>Projekt helyszíne (település): Tatabánya</p>
<p>Megítélt összeg: 121 978 256 Ft</p>
<p>Támogatás aránya: 100</p>
<p>Támogatási döntés dátuma:  2018.04.04</p>
<p>Forrás: ESZA</p>
<p>Ország: Magyarország</p>
<p>Uniós társfinanszírozási ráta: 85,999998 &#8211; ESZA</p>
<p>Projekt összköltség: 121 978 256 Ft</p>

<p>A feldolgozóipar nemzetgazdasági ágazat egy folyamatosan növekvő szektor, mely mindmáig az egyik legveszélyesebb a gazdaságban, ezen beül az élelmiszer és az italgyártás ágazatban is. Az ágazati szereplők számos veszélyforrással és kihívással szembesülnek a napi munka során, ilyen az időkényszerből, a mások iránt viselt felelősségből és az életveszélyből fakadó stressz, az esetleges fizikai veszélyforrások, további releváns&#8230;</p>
